 What is the units digit of l?
7
Suppose -2*z - 4 = -0. Let x be ((-30)/(-12))/(z/(-4)). Suppose -l = -2*c + 64 - 28, -3*c + 80 = x*l. What is the units digit of c?
0
Suppose 243 = -6*s + 1257. What is the tens digit of s?
6
Let c = -6 - -16. Let r be ((-8)/c)/(6/(-15)). Suppose 2*b + r = 4. What is the units digit of b?
1
Let u = 34 - 24. Suppose u = 2*a + 6. What is the units digit of a?
2
Let r = 60 - 25. Suppose -4*b - 68 = -4*p, -4*b + 7 = p - r. What is the units digit of p?
2
Let d be 3/((-9)/24) + -2. Let i be (-34)/10 + (-4)/d. What is the units digit of (-10)/i*(-12)/(-8)?
5
Let n = 40 - 26. Let o = -8 + n. Suppose 31 = 5*f + o. What is the units digit of f?
5
Suppose -22 = 10*x - 12*x. What is the tens digit of x?
1
Let t(r) = -r**2 - r. Let f(i) = -5*i**2 + i + 12. Let n(w) = -f(w) + 4*t(w). What is the units digit of n(9)?
4
Let v be 1183/35 + 1/5. Let c = -18 + v. What is the units digit of c?
6
Let y(o) = o**3 + 3*o**2 + 2*o. Let d be y(-2). Let f = d + 2. Suppose -v + f + 8 = 0. What is the units digit of v?
0
Let f(a) = -66*a - 7. Let q be f(-2). Suppose -2*r + 7*r - q = 0. What is the units digit of r?
5
Let f = -71 - -103. Suppose f = 3*d + d. Suppose 0 = 4*s - 0*s - d. What is the units digit of s?
2
Suppose -3 = o + 3*c, 0 = -0*o - 4*o + 5*c + 5. Let y(f) = -f - 3. Let i be y(-3). Suppose -5*h + o*h + 15 = i. What is the units digit of h?
3
Suppose 20 = 2*w - 5*s, -5 = 5*s + 5. Suppose -3*r + 1 + w = 0, -r - 10 = -t. What is the tens digit of t?
1
Let r = -10 - -17. Let o = r - 4. Suppose -h = -o - 1. What is the units digit of h?
4
Suppose -4*q + 87 = -13. What is the units digit of (-2)/5 + 1310/q?
2
Let z(d) be the second derivative of d**5/20 + 7*d**4/6 + 11*d**3/6 + 3*d**2 - 2*d. What is the units digit of z(-13)?
2
Let l = 26 + -12. What is the tens digit of 172/14 + (-4)/l?
1
Suppose -4 = -5*n + 6. Suppose 17 = q + n*d, 4*d - 56 = -4*q + 24. What is the units digit of q?
3
Suppose 0 = 5*j - 8*j + 105. What is the tens digit of j?
3
Let u be 1/((0 - -1)/7). Let t be (-2)/(0 - 2/u). Let p = t - -1. What is the units digit of p?
8
Let u(x) = 2*x**3 - 2*x**2 + x + 1. Let i(f) = 5*f**3 - 7*f**2 + 2*f + 4. Let j = 19 + -11. Let s(k) = j*u(k) - 3*i(k). What is the units digit of s(-3)?
8
Suppose -2*a + 4 = -0. Let l = -37 + 55. Suppose c = 2*v - a, -v = 5*c - 5 - l. What is the units digit of c?
4
Let y be -5 + 2/2 + -2. Let v = 24 + -12. Let g = v + y. What is the units digit of g?
6
Let s(u) = u**3 + 13*u**2 + 11*u + 14. Suppose -4*a = -4*h - 68, a - 26 = 3*h + 3*a. What is the tens digit of s(h)?
2
Suppose a - 8 = -4*u, 0*a - 2*a - u + 2 = 0. Suppose 2*w - 3 - 1 = a. What is the units digit of 9/6*w*3?
9
Let n be (-240)/18*6/(-4). Suppose -2*w - 2*i = -36, 0 = -3*i - i + n. What is the tens digit of w?
1
Suppose d + o - 220 = -3*o, 0 = 3*d - o - 699. What is the tens digit of d?
3
Suppose -498 = -5*f - 3*i, -4*f - i + 53 = -351. Suppose 2*u = -u + f. What is the tens digit of u?
3
Let j(f) = -1 + f - 3 - f + 6*f. Let b be j(3). Suppose -v + 2*v = b. What is the tens digit of v?
1
Let d = -4 - -50. What is the units digit of d?
6
Let g(c) = -c**3 + 8*c**2 - c + 11. Suppose -d - 12 = d. Let x(p) = -2*p - 4. Let v be x(d). What is the units digit of g(v)?
3
Let q = -63 + 137. What is the units digit of q?
4
Suppose -5*f + 0*f = -155. What is the units digit of f?
1
Let h = 7 + -4. Suppose 4*j = -0*j - 5*q + 116, 4*j + h*q = 108. What is the units digit of j?
4
Let q be ((-28)/8)/(-7)*30. Let s = q + -12. What is the units digit of s?
3
Suppose 2*t = -15 - 3. What is the units digit of (t/2)/(2/(-4))?
9
Let l(q) = -4*q - 18. Let z(v) = -11*v - 54. Let r(n) = 8*l(n) - 3*z(n). What is the tens digit of r(0)?
1
Suppose 4*y = 43 + 33. Suppose 5*w + 33 = 3*i - y, -2*w + 52 = 4*i. What is the units digit of i?
4
Suppose 9*v - 14*v + 695 = 0. What is the hundreds digit of v?
1
Let z = 37 - 7. What is the tens digit of z?
3
Let w(o) = -4*o + 1 + o + 1. Let s be w(-3). Let a = s - 1. What is the tens digit of a?
1
Let t = 1 - -2. Let p be -6*(t/(-6) - 0). Suppose 0*v + 2*v = -p*u + 14, -5*u - v + 21 = 0. What is the units digit of u?
4
Suppose -x + 31 + 2 = 0. What is the units digit of x?
3
What is the units digit of (-51)/(-3) - 16/4?
3
Suppose 0 = -5*b - 0*b + 145. What is the units digit of b?
9
Let z(y) = y - 5. Let t be z(11). What is the units digit of 2/(-3)*(-27)/t?
3
Suppose 0 = -4*c + 5*c + 2. Let v(o) = -4*o - 6. What is the units digit of v(c)?
2
Suppose 3*s - 60 = -2*s. What is the units digit of s?
2
What is the units digit of (-260)/(-25) + (-2)/5?
0
Let q(u) = -3*u - 6. Let v be q(-5). What is the tens digit of 6/3 + v - -1?
1
Suppose -96 = 4*u - 6*u. What is the tens digit of u?
4
Let b(l) = -3*l - 5. Let g be 1 + 1 - 2*-2. Suppose 2*y = 4*w + 24, g = -w - 5*y + 2*y. What is the units digit of b(w)?
3
Let g = -3 + 9. Let k be 0*-3*(-1)/g. Suppose 3 = -k*f + 3*f. What is the units digit of f?
1
Suppose -5*r = -r + 4. Let t be 13/((-2 + 1)/r). What is the units digit of (-1)/(t/7 + -2)?
7
What is the units digit of (8/14 - (-15)/35) + 60?
1
Let n(x) = 3*x**2 - 6*x. What is the units digit of n(9)?
9
Let l(f) = -f**3 + 12*f**2 - 3*f - 19. What is the tens digit of l(10)?
5
Suppose 0 = -4*d - 20, -3*d + 420 = 2*t + 3*t. What is the units digit of t?
7
What is the units digit of (-2176)/(-24)*6/4?
6
Let r be (-24)/(-16)*(-4)/(-3). Suppose -r*c = 3*c - 210. What is the tens digit of c?
4
Suppose -2*s + 0*l - 10 = 2*l, -s + 3*l + 11 = 0. What is the units digit of s*3*(5 - 9)?
2
Let a(i) = i**2 - 8. Let f be a(0). Let q = 13 + f. Let m = -3 + q. What is the units digit of m?
2
Suppose 0 = -v + 3*v - 24. What is the tens digit of v/(-21)*98/(-4)?
1
What is the units digit of 6*5/(40/116)?
7
Let w = -54 + 83. What is the tens digit of w?
2
Suppose 3*t - 75 - 42 = 0. What is the tens digit of t?
3
Let j(m) = 6*m - 113 - 4*m**2 + 5*m**2 + 121. Suppose -2*d = d + 21. What is the units digit of j(d)?
5
Let o(k) = 21*k**2 - k - 1. What is the tens digit of o(-1)?
2
Suppose 176 = 3*y + 11. What is the units digit of y?
5
Let i(r) = -r**3 + 7*r**2 + r - 4. Let f be i(7). Suppose -3*z - 3*u + 6*u + 15 = 0, -2*u + 30 = f*z. What is the units digit of z?
8
Let b(r) = 3*r**2 - r**3 + 2 + 2*r + 3*r**2 - 3*r**2. Let x be b(4). Let f = -4 - x. What is the units digit of f?
2
Let k be 40/18 + (-2)/9. Let c be (-3 - (-42)/3)*k. Suppose -2*z = 4*y - 28, 5*z = -3*y - y + c. What is the units digit of y?
8
Let y = 36 + -13. What is the units digit of y?
3
Let d be (1/(-2))/(1/(-6)). Suppose d = w - 7. What is the tens digit of w?
1
Let v = -3 - -6. Suppose 2*k + 5 = v, -2*b = 5*k + 5. Suppose -2*p + 2 + 0 = b. What is the units digit of p?
1
Let n = -19 + 32. What is the tens digit of n?
1
What is the units digit of 72/32 - 3/12?
2
Let u(x) = -4*x**3 - 7*x**2 - 11*x - 10. What is the units digit of u(-5)?
0
Suppose -96 + 24 = -3*o. What is the tens digit of o?
2
Let u = 81 - 20. What is the tens digit of u?
6
Suppose 8*d + 973 = 15*d. What is the units digit of d?
9
Let p be (0 + 1)/((-3)/(-6)). Let t be ((-9)/(-6))/((-1)/p). Let q = t + 9. What is the units digit of q?
6
Let v(n) = 3*n + 0 + 4 + 3*n**2 + n - n**3. Let l be 1 + 1 - (-4)/2. What is the units digit of v(l)?
4
Let d(r) be the third derivative of -4*r**2 - 1/3*r**3 + 0 + 1/30*r**5 + 1/8*r**4 + 0*r. What is the units digit of d(2)?
2
Suppose 2*f = -r + 1, 0*f + 5 = -2*f - 3*r. Suppose -2*g = 2*k - 30, -f*k = -g - 5*k + 7. What is the units digit of g?
9
Suppose k - 4*k + 64 = -5*r, 5*k + 4*r - 45 = 0. Suppose 5*g = 5*t - 55, -k = g - 0*g + t. What is the units digit of (g/9)/((-1)/6)?
8
Let a(k) = -k + 10. Let n(r) = r**3 + 9*r**2 - 10*r + 7. Let z be n(-10). Let c be a(z). Suppose -c*s = -18 - 6. What is the units digit of s?
8
Suppose 2 = 3*x - 70. What is the tens digit of x?
2
Suppose 780 = -4*q + 14*q. What is the tens digit of q?
7
Let o = 13 - 10. What is the units digit of o?
3
Let g = 14 + -1. What is the tens digit of g?
1
Suppose 10 = 6*m - 4*m. What is the units digit of (-12)/20 - (-158)/m?
1
Suppose -4*o = o - 10. Let h be -1 + -2 + o + 6. Suppose -2*b - 2*a = -5*a + 5, -h*b - 4*a = -22. What is the units digit of b?
2
Suppose 0 = -5*z + 6*z + 19. Let y = z - -3